{"id":333,"date":"2014-03-19T09:49:46","date_gmt":"2014-03-19T08:49:46","guid":{"rendered":"http:\/\/www.2lm.ch\/wordpress\/?page_id=333"},"modified":"2014-04-02T18:26:06","modified_gmt":"2014-04-02T16:26:06","slug":"grosses-benefizkonzert-in-vaduz","status":"publish","type":"page","link":"https:\/\/www.2lm.ch\/wordpress\/grosses-benefizkonzert-in-vaduz","title":{"rendered":"Grosses Benefizkonzert in Vaduz"},"content":{"rendered":"<p><b>Am Samstag, den 10. Mai 2014, findet im Vaduzer Saal das grosse Benefizkonzert der 2-L\u00e4nder Musikanten statt. Der Erl\u00f6s geht zugunsten des Kinderheims Gamander des Liechtensteinischen Roten Kreuzes. Das Benefizkonzert steht unter dem Patronat I.D. der Landesf\u00fcrstin Marie von und zu Liechtenstein.<\/b><\/p>\n<p>T\u00fcr\u00f6ffnung ist um 18.30 Uhr. Das Benefizkonzert beginnt um 19:30 Uhr. Konzertende wird gegen 22 Uhr sein. Die 2-L\u00e4nder Musikanten werden das kurzweilige Programm zusammen mit ihren G\u00e4sten, dem Kinderchor Young Stars bestreiten. Das Benefizkonzert ist familienfreundlich ausgerichtet, deshalb wird auf Eintritt verzichtet. F\u00fcr das leibliche Wohl sorgen Albrecht Wolf und sein Team.<\/p>\n<p>2013 durften die 2-L\u00e4nder Musikanten ihr 20j\u00e4hriges Jubil\u00e4um feiern und zu diesem Jubil\u00e4um auch die aktuelle CD \u201eMusic is my life\u201c aufnehmen. Mit dem Benefizkonzert sagen die 2-L\u00e4nder Musikanten Danke ihren treuen Fans und freuen sich, gemeinsam mit den G\u00e4sten das Kinderheim Gamander unterst\u00fctzen zu k\u00f6nnen.<\/p>\n<p>Platzreservierungen nimmt\u00a0 Manager Markus Schaper ab sofort unter Tel: 00423 373 00 60 oder Mail info(at)seven-ps.li sehr gerne entgegen.<\/p>\n<p>Die 2-L\u00e4nder Musikanten laden Sie herzlichst ein und freuen sich auf Ihren Besuch!<\/p>\n<p><a href=\"http:\/\/www.2lm.ch\/wordpress\/wp-content\/uploads\/2014\/04\/2014-03-27-1-Flyer-Benefizkonert-4.pdf\">Flyer Benefizkonzert<\/a><\/p>\n","protected":false},"excerpt":{"rendered":"<p>Am Samstag, den 10. Mai 2014, findet im Vaduzer Saal das grosse Benefizkonzert der 2-L\u00e4nder Musikanten statt. Der Erl\u00f6s geht zugunsten des Kinderheims Gamander des Liechtensteinischen Roten Kreuzes. Das Benefizkonzert steht unter dem Patronat I.D. der Landesf\u00fcrstin Marie von und zu Liechtenstein. T\u00fcr\u00f6ffnung ist um 18.30 Uhr. Das Benefizkonzert beginnt um 19:30 Uhr. Konzertende wird [&hellip;]<\/p>\n","protected":false},"author":1,"featured_media":0,"parent":0,"menu_order":0,"comment_status":"closed","ping_status":"open","template":"","meta":{"ngg_post_thumbnail":0,"footnotes":""},"class_list":["post-333","page","type-page","status-publish","hentry"],"_links":{"self":[{"href":"https:\/\/www.2lm.ch\/wordpress\/wp-json\/wp\/v2\/pages\/333","targetHints":{"allow":["GET"]}}],"collection":[{"href":"https:\/\/www.2lm.ch\/wordpress\/wp-json\/wp\/v2\/pages"}],"about":[{"href":"https:\/\/www.2lm.ch\/wordpress\/wp-json\/wp\/v2\/types\/page"}],"author":[{"embeddable":true,"href":"https:\/\/www.2lm.ch\/wordpress\/wp-json\/wp\/v2\/users\/1"}],"replies":[{"embeddable":true,"href":"https:\/\/www.2lm.ch\/wordpress\/wp-json\/wp\/v2\/comments?post=333"}],"version-history":[{"count":4,"href":"https:\/\/www.2lm.ch\/wordpress\/wp-json\/wp\/v2\/pages\/333\/revisions"}],"predecessor-version":[{"id":382,"href":"https:\/\/www.2lm.ch\/wordpress\/wp-json\/wp\/v2\/pages\/333\/revisions\/382"}],"wp:attachment":[{"href":"https:\/\/www.2lm.ch\/wordpress\/wp-json\/wp\/v2\/media?parent=333"}],"curies":[{"name":"wp","href":"https:\/\/api.w.org\/{rel}","templated":true}]}}