{"id":8,"date":"2014-02-10T16:20:00","date_gmt":"2014-02-10T16:20:00","guid":{"rendered":"http:\/\/localhost\/wordpress\/?page_id=6"},"modified":"2022-07-25T17:04:49","modified_gmt":"2022-07-25T15:04:49","slug":"ueber-uns","status":"publish","type":"page","link":"https:\/\/www.2lm.ch\/wordpress\/ueber-uns","title":{"rendered":"\u00dcber uns"},"content":{"rendered":"<p><strong>Nach dem Motto \u00abin der Breite liegt die W\u00fcrze\u00bb spielen die 2-L\u00e4nder Musikanten eing\u00e4ngige Unterhaltungsmusik von Polka\/Walzer \u00fcber Schlager, Evergreens bis hin zu Big Band Sound.<\/strong><\/p>\n<p><a href=\"http:\/\/www.2lm.ch\/wordpress\/wp-content\/uploads\/2017\/11\/IMG_2822.jpg\"><img loading=\"lazy\" decoding=\"async\" class=\"alignnone wp-image-1970 size-large\" src=\"http:\/\/www.2lm.ch\/wordpress\/wp-content\/uploads\/2017\/11\/IMG_2822-e1512050026857-1024x472.jpg\" alt=\"\" width=\"625\" height=\"288\" srcset=\"https:\/\/www.2lm.ch\/wordpress\/wp-content\/uploads\/2017\/11\/IMG_2822-e1512050026857-1024x472.jpg 1024w, https:\/\/www.2lm.ch\/wordpress\/wp-content\/uploads\/2017\/11\/IMG_2822-e1512050026857-300x138.jpg 300w, https:\/\/www.2lm.ch\/wordpress\/wp-content\/uploads\/2017\/11\/IMG_2822-e1512050026857-768x354.jpg 768w, https:\/\/www.2lm.ch\/wordpress\/wp-content\/uploads\/2017\/11\/IMG_2822-e1512050026857-600x277.jpg 600w, https:\/\/www.2lm.ch\/wordpress\/wp-content\/uploads\/2017\/11\/IMG_2822-e1512050026857-624x288.jpg 624w\" sizes=\"auto, (max-width: 625px) 100vw, 625px\" \/><\/a><\/p>\n<p>Die rund 15 ambitionierten Musikantinnen und Musikanten stammen aus Liechtenstein und dem Rheintal\/Sarganserland, ein paar wenige auch aus Vorarlberg.<\/p>\n<p>Die 2-L\u00e4nder Musikanten verk\u00f6rpern die Idee, die <strong>beiden Seiten des Rheins auf kultureller Ebene zu verbinden<\/strong>. Die Initianten und Gr\u00fcnder im Jahr 1993 waren denn auch ein Liechtensteiner und ein Schweizer. Auch die Mitglieder stammen von beiden Seiten des Rheins und die Auftritte finden beidseits, regelm\u00e4ssig aber auch weiter weg, statt.<\/p>\n<p>Was die 2-L\u00e4nder Musikanten besonders auszeichnet, ist gut gespielte <strong>Unterhaltungsmusik in grosser Breite<\/strong>. Das wird vom Publikum sehr gesch\u00e4tzt. Traditionelle Blasmusik mit Polka und Walzer geh\u00f6ren ebenso zum Repertoire wie gute Schlager und Evergreens, Swing und jazzige Kl\u00e4nge. Ein Teil der St\u00fccke wird mit Gesang begleitet. Die Instrumentierung der Band reicht von Blech- und Holzinstrumenten bis zu Keyboard, E-Gitarre, E-Bass und Schlagzeug. So kann vieles, was dem Publikum und der Band gef\u00e4llt, mit der passenden Instrumentierung gespielt werden.<\/p>\n<p>Die Mitglieder der 2-L\u00e4nder Musikanten sind <strong>ambitionierte Amateure<\/strong>, von denen die meisten auch in Ortsvereinen mitwirken. Dank guter Vorbereitung zu Hause ist es m\u00f6glich, mit wenigen Proben ein grosses Repertoire zu erarbeiten und regelm\u00e4ssig zu erneuern. Geprobt wird im Musikheim am Werdenbergersee, etwa jeden zweiten Mittwochabend, unter der Leitung von Jan K\u00f6pfli. Interessierte d\u00fcrfen gerne einen Blick in die Probenarbeit werfen.<\/p>\n<p>F\u00fcr <strong>Geselligkeit und gem\u00fctliches Beisammensein<\/strong> gibt es f\u00fcr die Musikantinnen und Musikanten zahlreiche Gelegenheiten, z. B. nach den Proben oder beim Fondueabend zum Jahresabschluss. F\u00e4llt ein Geburtstag auf einen Probentermin, wird der Geburtstagsmarsch gespielt, und nat\u00fcrlich wird daf\u00fcr etwas Selbstgebackenes erwartet. Auch das Zusammensitzen mit dem Publikum nach einem Konzert geniessen die Bandmitglieder sehr.<\/p>\n<p>Das Jahreskonzert ist der <strong>musikalische H\u00f6hepunkt<\/strong> des Jahres. Es wird jeweils ein ganz neu einstudiertes Programm pr\u00e4sentiert. Es findet Anfang November statt.<\/p>\n<p><a href=\"http:\/\/www.2lm.ch\/wordpress\/wp-content\/uploads\/2017\/11\/IMG_2863.jpg\"><img loading=\"lazy\" decoding=\"async\" class=\"alignleft wp-image-1973 size-thumbnail\" src=\"http:\/\/www.2lm.ch\/wordpress\/wp-content\/uploads\/2017\/11\/IMG_2863-e1512050731939-150x150.jpg\" alt=\"\" width=\"150\" height=\"150\"><\/a>Wer sich angesprochen f\u00fchlt und gerne bei den 2-L\u00e4nder-Musikanten mitspielen m\u00f6chte, der wende sich an die Pr\u00e4sidentin Cornelia L\u00fcchinger unter &#x69;&#110;&#102;&#x6f;&#x40;&#50;&#108;&#x6d;&#x2e;&#99;&#104; oder &#105;&#x6e;f&#111;&#x40;2&#x6c;&#x6d;&#46;&#x6c;i.<\/p>\n<p><a href=\"http:\/\/www.2lm.ch\/wordpress\/wp-content\/uploads\/2017\/11\/Seiten-aus-WundO-Vereinesvorstellung-2017.pdf\">Zeitungsartikel WundO 2017<\/a><\/p>\n","protected":false},"excerpt":{"rendered":"<p>Nach dem Motto \u00abin der Breite liegt die W\u00fcrze\u00bb spielen die 2-L\u00e4nder Musikanten eing\u00e4ngige Unterhaltungsmusik von Polka\/Walzer \u00fcber Schlager, Evergreens bis hin zu Big Band Sound. Die rund 15 ambitionierten Musikantinnen und Musikanten stammen aus Liechtenstein und dem Rheintal\/Sarganserland, ein paar wenige auch aus Vorarlberg. Die 2-L\u00e4nder Musikanten verk\u00f6rpern die Idee, die beiden Seiten des [&hellip;]<\/p>\n","protected":false},"author":1,"featured_media":0,"parent":0,"menu_order":0,"comment_status":"closed","ping_status":"closed","template":"","meta":{"ngg_post_thumbnail":0,"footnotes":""},"class_list":["post-8","page","type-page","status-publish","hentry"],"_links":{"self":[{"href":"https:\/\/www.2lm.ch\/wordpress\/wp-json\/wp\/v2\/pages\/8","targetHints":{"allow":["GET"]}}],"collection":[{"href":"https:\/\/www.2lm.ch\/wordpress\/wp-json\/wp\/v2\/pages"}],"about":[{"href":"https:\/\/www.2lm.ch\/wordpress\/wp-json\/wp\/v2\/types\/page"}],"author":[{"embeddable":true,"href":"https:\/\/www.2lm.ch\/wordpress\/wp-json\/wp\/v2\/users\/1"}],"replies":[{"embeddable":true,"href":"https:\/\/www.2lm.ch\/wordpress\/wp-json\/wp\/v2\/comments?post=8"}],"version-history":[{"count":17,"href":"https:\/\/www.2lm.ch\/wordpress\/wp-json\/wp\/v2\/pages\/8\/revisions"}],"predecessor-version":[{"id":2997,"href":"https:\/\/www.2lm.ch\/wordpress\/wp-json\/wp\/v2\/pages\/8\/revisions\/2997"}],"wp:attachment":[{"href":"https:\/\/www.2lm.ch\/wordpress\/wp-json\/wp\/v2\/media?parent=8"}],"curies":[{"name":"wp","href":"https:\/\/api.w.org\/{rel}","templated":true}]}}